5*2/(-5) - -17?
17
Let k(x) = -x**3 + 6*x**2 + 7*x + 5. Suppose 2*c + 3 = 17. Suppose 0 = -2*u - 3*o + 1, 3*u + o + 21 = 5*u. What is the remainder when u is divided by k(c)?
3
Suppose 3*z + s = 3*s - 76, 0 = 5*z - 4*s + 128. Let b = z - -34. Calculate the remainder when 18 is divided by b.
8
Suppose 3*b + 95 + 28 = 0. Let y = 90 + b. What is the remainder when y is divided by (-1 - 2)*187/(-33)?
15
Let n(k) = -k**3 + 3*k**2 + 3*k + 3. Let q be n(4). Let t be (0*(0 - q))/(-2). Suppose t*j = -5*j + 65. What is the remainder when j is divided by 7?
6
Suppose 36*m = 41*m - 160. Calculate the remainder when 190 is divided by m.
30
Calculate the remainder when 81/5 + ((-16)/40)/2 is divided by 9.
7
Let g(x) = x**3 - 11*x**2 + 2*x - 1. Let m be (-582)/(-54) - (-4)/18. Calculate the remainder when g(m) is divided by 8.
5
Let z(x) = 31*x**3 + x**2 - x + 1. Suppose 0 = -0*l + 4*l - 4. Calculate the remainder when z(l) is divided by 11.
10
Suppose 2*j - 4 = -j + 2*x, -3*x + 13 = 5*j. Suppose j*t - 7 = t. Calculate the remainder when 27 is divided by t.
6
Suppose -4*t + 834 = -k - 91, -t - 3*k + 228 = 0. What is the remainder when t is divided by 29?
28
Suppose 2*w = 6*w - 68. Let j = w - 0. What is the remainder when j is divided by 6?
5
Suppose -16 = -2*j + d - 0*d, -46 = -4*j - 5*d. Calculate the remainder when 22*(18/4)/3 is divided by j.
6
Let q(w) = w**2 + 7*w - 9. Let x be q(-8). Suppose 5*k = -4*c - 38, 2*c - 2 + 6 = -k. Calculate the remainder when (x + k/8)*-4 is divided by 5.
4
Suppose -5*s - g = -221, g + 2 + 2 = 0. Let m(y) = y**2 - 7. Let c be m(6). Let d = -13 + c. Calculate the remainder when s is divided by d.
13
Suppose 4*k - 6 = 2*b, 9 = 3*b + 4*k - 12. Calculate the remainder when 8 is divided by b.
2
Let l(x) = 18*x - 11. Let b be (-3)/(1/(-1 + -4)). Suppose -h = -2*h - 2*i + b, 4 = 2*i. Calculate the remainder when l(3) is divided by h.
10
Let o be 2/(-10) - 33/(-15). Suppose 32 = p + l, -3*p - l = -56 - 48. What is the remainder when 35 is divided by ((-6)/(-9))/(o/p)?
11
Let q be 4/(-1)*(-3)/(-4). Let k = 7 + q. Calculate the remainder when 26/4 - (-1)/(-2) is divided by k.
2
Let b(z) = z**2 - 6*z + 2. Suppose -145 = -4*g - 649. What is the remainder when 4/22 - g/33 is divided by b(6)?
0
Let k = -15 + 18. Suppose c + k*n = -4*c + 51, -5*n + 9 = 2*c. What is the remainder when c is divided by 7?
5
Suppose -4*g = -0*g - 44. What is the remainder when 32 is divided by g?
10
Let x(o) = 2*o**2 + o - 2. What is the remainder when 10 + (5 - 2)*(-4 + 3) is divided by x(-2)?
3
Let u = 67 - 65. Let p be 2*(-2 + (-5)/(-2)). Suppose 13 = 4*q + p. Calculate the remainder when q is divided by u.
1
Suppose -v = -12 - 30. Suppose 0 = -2*a + 4*j + v, -4*j - 58 = -3*a + j. What is the remainder when a is divided by 3?
2
Let v(j) = 8 + 2*j - 4 - 3*j. Suppose 0 = 5*g - 10*g - 25. What is the remainder when 26 is divided by v(g)?
8
Let p = -47 + 74. What is the remainder when p is divided by 14?
13
Suppose -37 = -21*b + 20*b. What is the remainder when 147 is divided by b?
36
Let l(b) = 4*b**3 - 3*b**2 - 4*b + 6. Calculate the remainder when l(3) is divided by 41.
34
Let b(f) = 22*f**3 - 2*f**2 + 2*f - 1. Suppose -5*r + 8*r = -4*y - 37, 4*y + 4*r = -32. Let p = y - -53. What is the remainder when p is divided by b(1)?
19
Suppose -3*r + h = -37, 2*h + 38 = -r + 4*r. Suppose -14*o = -r*o - 196. Calculate the remainder when o is divided by 25.
23
Suppose 5*m = m + 184. Calculate the remainder when m is divided by 12.
10
Let k(o) = -3*o + 12. Let j(x) = -x**3 + 4*x**2 + 9*x - 4. Let y be j(6). Let f = -11 - y. Calculate the remainder when k(-3) is divided by f.
10
Let p = 18 - 7. Let x(v) = v**2 - 11*v + 7. What is the remainder when x(12) is divided by p?
8
Suppose -193 - 53 = -2*p. Calculate the remainder when p is divided by 25.
23
Suppose 4*v = d - 76, -2*v - 228 = 3*d - 6*d. What is the remainder when d is divided by 26?
24
Let h be ((-6)/(-2)*5)/(-1). Let g = h - -24. Calculate the remainder when 22 + (-1 - -3 - 0) is divided by g.
6
What is the remainder when 13 is divided by (-9)/(-2) - (2 - 1)/2?
1
Let z = -72 - -109. Calculate the remainder when 71 is divided by z.
34
Suppose -t + 62 = -3*m, 8*t = 3*t - 5*m + 330. Calculate the remainder when t is divided by 33.
32
Let p be 3 + -2 + -2 + 1. Suppose p = 5*a + 5. What is the remainder when 9 is divided by -1*(2 - -2)*a?
1
Let x = -2 - -51. Let l(v) = 2*v + 9. Calculate the remainder when x is divided by l(4).
15
Suppose -3*z + 9 + 0 = 0. Calculate the remainder when 4/18 + -3*(-264)/81 is divided by z.
1
Let a(y) = 2*y**3 - 8*y**2 - 11*y + 21. Let r = -23 - -32. Calculate the remainder when a(5) is divided by r.
7
Let x = 59 - 50. What is the remainder when 17 is divided by x?
8
Let j = 16 + -11. Suppose -j*a + a + 84 = 0. Calculate the remainder when a is divided by 11.
10
Let v = 7 - 5. Suppose v*x - 32 = -0*x. Calculate the remainder when 61 is divided by x.
13
Let y = 163 + -91. Let k = 18 - -7. Calculate the remainder when y is divided by k.
22
Suppose s + k - 2*k - 32 = 0, -k - 92 = -3*s. What is the remainder when (62/(-10))/((-6)/s) is divided by 8?
7
Let w(b) = -15*b**3 + 2*b - 1. Let v be w(1). Calculate the remainder when 2 + 26 - (-3 - -5) is divided by 0*3/6 - v.
12
Let h(n) = -n**2 - 19*n + 5. Calculate the remainder when h(-15) is divided by 17.
14
Let d(z) = -10*z - 48. What is the remainder when d(-16) is divided by 19?
17
Let z(c) = c**2 + c + 3. Calculate the remainder when 43 is divided by z(3).
13
Suppose -z - 2*z = -3*s - 60, 5*z - 140 = -5*s. Calculate the remainder when z is divided by 10.
4
Suppose -3*b + 14*b = 341. What is the remainder when 110 is divided by b?
17
Let a(c) = 3*c**2 + 1. Let i be a(1). Suppose i*d + d - 295 = 0. What is the remainder when d is divided by 20?
19
Suppose 0 = 4*q - 43 - 25. Suppose -5*r - q = -82. What is the remainder when 23 is divided by r?
10
Let s = -34 + 48. Let y(i) = 41*i**2 + i - 1. What is the remainder when y(1) is divided by s?
13
Suppose -2*k + 4*d - 10 + 32 = 0, 6 = k + 3*d. Let v = -28 + 44. Calculate the remainder when v is divided by k.
7
Let m be (4 - (1 + 0))*1. Let t(l) = -l**3 + l**2 + 3*l + 2. Let h be t(m). Let q = h + 19. What is the remainder when 34 is divided by q?
10
Suppose 0 = 3*x + 25 - 265. Calculate the remainder when x is divided by 27.
26
Suppose -4*f - 80 = -2*y, -5*y - 43 = 2*f - 15. Let k = -43 + 42. What is the remainder when (4 - f) + k + 4 is divided by 9?
8
Suppose -3*l + 29 = -2*x - 46, -3*l + 5*x + 84 = 0. Suppose 4*h - 20 = -64. Let t = -3 - h. What is the remainder when l is divided by t?
7
Let l(i) = -2*i**3 - 7*i**2 + i + 7. Calculate the remainder when l(-5) is divided by 20.
17
Suppose 4 = 2*w - 0. Suppose 0 = w*o - 3*o + 11. What is the remainder when (-12)/((-1)/((-16)/(-6))) is divided by o?
10
Let w = 9 - 5. Suppose 3*r = -d - r - 4, -d + 5*r = -14. Suppose -d*x + w*o + 47 = 3, -3*x = 3*o - 27. What is the remainder when 39 is divided by x?
9
Suppose 0 = -c - 0*m - 4*m + 37, -c = 5*m - 39. Suppose 18 = 9*g - 72. Calculate the remainder when c is divided by g.
9
Suppose 4*z + 2*m + 82 = 0, 0 = -4*m - 3 - 1. Let g = z + 35. What is the remainder when g is divided by 6?
3
Let b = 6 - 3. Let g = -3 + b. Suppose -2*o = -p + 9, 4*p - 36 = -g*p + o. Calculate the remainder when 16 is divided by p.
7
Suppose 2*b = b + 18. Suppose -b + 116 = 2*v. Suppose t - 33 = -5*y, 0*y + 22 = 2*t - y. What is the remainder when v is divided by t?
10
Let i = -9 + 5. Let n be (-60)/(-14) - i/(-14). Suppose -v - 4*v + n*c = -39, 32 = 4*v - 3*c. What is the remainder when 32 is divided by v?
10
Let j(g) = -g**3 - 3*g**2 + 3*g + 1. Let l = -9 - -4. Calculate the remainder when j(l) is divided by 19.
17
Suppose l + 17 = 4*j, 2*l + 3*j = -l + 24. What is the remainder when 11 is divided by l?
2
Suppose 0 = i + 2*i - 90. Calculate the remainder when i is divided by 11.
8
Let v = 4 + 13. Suppose w - v = -6. Calculate the remainder when 20 is divided by w.
9
Suppose -4*g - g - 2*l = -124, 58 = 2*g + 5*l. What is the remainder when g is divided by 9/((-2 - -4) + -1)?
6
Suppose -152 = 4*r - 8*r. Calculate the remainder when r is divided by 15.
8
Suppose 3*p - 23 = 4. Calculate the remainder when (2 - 1)*2*13 is div